 -2*k. Let j(d) = d**3 - 5*d**2 + 4*d - 1. Let b be j(4). Let r be t(b). Let q(i) = -7*i - 3*i**r - 3*i**2 - 7 + 5*i**2. What is q(-5)?
3
Let o(a) = -4*a + 2. Let u(t) = 14*t + 23. Let x(z) = 3*o(z) + u(z). Calculate x(-16).
-3
Let o(f) = -5*f - 8. Let h be o(-2). Let z(w) = -16*w**h + 17*w**2 + 6*w - w. Give z(-6).
6
Let t(r) = r**2 - r + 3. Let a be t(3). Let u(n) = 10*n + 1. Let x(h) = 5*h - 3*h + h + 3 + 10*h + 8*h. Let y(s) = a*u(s) - 4*x(s). Give y(2).
9
Let r(c) = -4*c - 7. Let v(q) = -q**3 - 5*q**2 - 8*q - 25. Let w be v(-4). What is r(w)?
29
Let a(g) be the first derivative of 3*g + 3*g**3 + 4*g**2 - 9 + 1/4*g**4. Determine a(-8).
3
Suppose -11*a + 6 = -8*a. Suppose 2*u + 14 = 3*g, -a*g = -5*u - 3 + 1. Let p(q) = q**2 - 7*q - 1. What is p(g)?
-7
Let w(f) be the first derivative of 7 + 5*f**2 + 3*f + 0*f - 4*f**2. Let s = -94 + 90. Calculate w(s).
-5
Let x(m) = -5 - m**3 + 3*m - 12*m - 7*m**2 + 0*m**2. Let u be -1 + (-5)/(-4) + (-32)/128. Let n(j) = j**3 - 6. Let c be n(u). What is x(c)?
13
Let k be (-1)/(-2) + 29/2. Let u(g) = 11*g - k*g + 5*g + 7. Calculate u(0).
7
Let w(h) = -h**2 + 7*h + 33. Let q be w(-4). Let t(x) = 6*x**2 + 3*x + 1. Let y(j) = -18*j**2 - 8*j - 3. Let g(z) = q*t(z) - 4*y(z). Give g(1).
6
Let n(x) = x**3 - x**2 - x. Let f(o) be the second derivative of -o**3/3 - 8*o**2 - 13*o. Let s be f(-7). Determine n(s).
-10
Let c(z) = z**3 + 5*z**2 + 3*z - 2. Let b(j) = -17*j - 4. Let i be b(3). Let h = i + 51. Calculate c(h).
2
Suppose -25*c + 24*c = -5*m + 14, -2*m = -4. Let s(b) = b**3 + 4*b**2 - b. Determine s(c).
4
Suppose -10 - 40 = 10*r. Let d(x) = -x**2 - 8*x - 6. Calculate d(r).
9
Let v be (25/(-20)*-1)/((-5)/(-20)). Let g(d) = 2*d**3 + 2*d**2 + 3*d - 1. Let o(r) = -5*r**3 - 3*r**2 - 7*r + 2. Let s(a) = 7*g(a) + 3*o(a). What is s(v)?
-1
Let z(v) = -v**2 - 18*v + 80. Let q be z(-22). Suppose 2*w - 2*s = 26, 2*w - 3*w - s + 15 = 0. Let i = q + w. Let g(l) = -l**2 + 7*l - 1. Determine g(i).
5
Let a(f) be the first derivative of f**4/4 - 3*f + 2. Suppose 0 = 4*c + 5*r - 5, c - 1 = 8*r - 9*r. Calculate a(c).
-3
Let a(q) be the second derivative of -q**4/12 + q**3/6 + 7*q**2/2 - 14*q - 2. What is a(0)?
7
Let y(a) = a**3 - 2*a + 1. Let g(t) = -13*t**2 + t - 11. Let p(l) = -7*l**2 + l - 6. Let b(h) = 6*g(h) - 11*p(h). Let c be b(-6). Let z = c + 8. What is y(z)?
5
Let z(p) = -p**2 + 6*p - 3. Suppose -16*j - 6 + 70 = 0. Give z(j).
5
Let a = -76 + 76. Let f(u) = a - 4 - 2*u + 3 - 6*u. Determine f(-1).
7
Suppose -5*r = -4*m - 26 - 15, 3*m - 4*r = -32. Let f(b) = -b - 7. Let c be f(m). Let h(u) = u**2 + u + 3. Determine h(c).
9
Let l(n) = -n**3 + n**2 + 4. Let t be l(0). Let y be (4 - 2)/(t/8). Let z(m) = 2*m - 7*m + 0*m + 6*m. Determine z(y).
4
Let w(y) be the second derivative of -1/3*y**3 - 5*y - 5/2*y**2 + 0 - 1/3*y**4 - 1/20*y**5. Determine w(-4).
3
Let c(j) be the first derivative of -3*j**2 + 4 - 1/12*j**4 + 0*j - 5/6*j**3. Let t(a) be the second derivative of c(a). What is t(-6)?
7
Let z(y) = 6*y**2 - 2*y - 10. Let w(g) = -5*g**2 + g + 9. Let d(l) = -5*w(l) - 4*z(l). Give d(-3).
-5
Let h be (1 - 1) + 0 - 3. Let q(x) be the first derivative of x**2 + 26. Give q(h).
-6
Let a(y) = -y - 7. Let v(u) = -u - 5. Let c be v(-8). Let t(q) = -5 - q + 2 + 0 - c. Let s(f) = 4*a(f) - 5*t(f). Calculate s(6).
8
Let n = -21 + 19. Let r be (-12)/8*n - 1. Let d(f) = 0*f**2 - 5*f**2 + 6*f**r + 4 + 8*f. What is d(-7)?
-3
Suppose u = -4*u - 75. Let v = u - -11. Let b(o) = -123*o**2 - 9*o + 7. Let z(g) = 46*g**2 + 3*g - 2. Let x(c) = 3*b(c) + 8*z(c). What is x(v)?
1
Let q be (2/(-6))/(7/(-609)). Let d(h) = -q - 19 - h**2 + 5*h + 44. Let b = -4 - -7. Calculate d(b).
2
Let l(g) = 2*g - 2. Let d(b) = -24*b + 13. Let p(z) = -d(z) - 6*l(z). What is p(-3)?
-37
Let g be 0/2 + 1 + 2. Suppose g*f = -4*f - 98. Let w(x) = -x**2 - 14*x - 6. Let h be w(f). Let d(i) = 3*i + 4. Give d(h).
-14
Let m(z) = -z + 1. Suppose -5*f + 26 = 2*l, f - 11 + 4 = -l. Let k(c) = -c**2 + 6*c - 6. Let t be k(f). Give m(t).
-1
Let f(m) be the second derivative of m**4/12 + 11*m**2/2 - 1313*m. Suppose -q + 4*o + 12 = 0, -q + 6 = 2*o - 4*o. What is f(q)?
11
Suppose 2*h - 2 - 4 = 0. Suppose 16 = -15*u + 23*u. Let c(r) = u*r + h - r + 10 - 2*r. Calculate c(7).
6
Let y(a) = 8*a + 10 + 5*a - 12*a. What is y(-15)?
-5
Suppose 4 - 26 = -22*y. Let t(n) be the first derivative of -3*n**2 - y + 1/3*n**3 + 5*n. Calculate t(5).
0
Let n(c) = c**3 + c**2 + 2*c + 1. Let o be 2 + -4 + (10 - 3). Suppose -2*m - 7 = o*m. Calculate n(m).
-1
Let c(q) = 5*q - 2*q + 2*q - 2*q**2 + 1 - q**3 - q**2. Let s be (16/(-20))/((-1)/(-5)). Give c(s).
-3
Let w(k) be the second derivative of 2/3*k**3 + 0*k**5 + 0*k**2 - 1/24*k**4 + 0 + 1/360*k**6 + 5*k. Let g(x) be the second derivative of w(x). What is g(2)?
3
Let v(t) = -t**2 - 5*t - 6. Let l(s) = -2*s - 2. Let r be (-2 + 1)*-1*(-3 + 4). Let n be l(r). What is v(n)?
-2
Let m(l) be the first derivative of l**2 + 4*l + 18. What is m(-5)?
-6
Suppose 0 = 11*l - 3*l + 16. Let j(m) = 6*m + 3. Let c(v) = 18*v + 10. Let x(u) = l*c(u) + 7*j(u). Give x(3).
19
Let m = 6 + -2. Suppose 46 = 4*a + 2*x, 0*a + x + 4 = a. Suppose -21 = m*h - a. Let w(i) = i - 3. Give w(h).
-6
Let x(p) = -p - 6. Let z = -46 + 99. Let c = -46 + z. Calculate x(c).
-13
Let s(f) = -7*f + 3. Suppose 0*i - 2*w + 15 = 3*i, 3*i - 2*w - 27 = 0. Give s(i).
-46
Let o(i) = -i**3 - 7*i**2 - 2*i + 4. Suppose 0*q = -q + 6*q. Let u be ((q + -1)/2)/((-2)/(-28)). What is o(u)?
18
Let s(x) = x**2 - 9*x + 4. Suppose -140 + 180 = 5*r. Give s(r).
-4
Let h be 12*(-1)/(-6)*(30 - 33). Let y(q) be the second derivative of q**3/6 + 3*q**2 + 2*q. Determine y(h).
0
Let l be 3/(-18) - (-1)/6. Let k be (l + -1)/((-3)/9). Let p(r) = 8*r - k*r - 7*r + 2. Give p(-2).
6
Suppose 124 = 11*s + 91. Let k(o) be the first derivative of -o**s + 1/4*o**4 - 3/2*o**2 + 3 - o. Calculate k(4).
3
Let k(o) = 31 - 117 - 3*o + 42 + 40. Determine k(-4).
8
Let m(r) = -r**3 - 3*r**2 - 1. Let y be m(-3). Suppose -3*z = -5*i - 20, 7*i + 20 = -z + 2*i. Let o(d) = -3 - d - 4 + 6 + z*d. What is o(y)?
0
Let g(j) = 6*j + 172. Let n be g(-30). Let z(x) = 3*x + 34. Give z(n).
10
Let w be 34 + -1 + 0 - -2. Let i(s) = 32 - s + w - 69 + s**2. Let c be -2*(3 + 18/(-4)). Calculate i(c).
4
Let o be 18/(-2) + 1 + -1. Let a(j) be the third derivative of -j**4/24 - 8*j**3/3 - 165*j**2. Calculate a(o).
-7
Let a(m) = 2*m - 4. Let v be a(4). Suppose 5 - 4 = 3*i - v*l, -4*l = -8. Let d(x) = 2*x - 101. Let o(w) = 4*w - 219. Let g(q) = -13*d(q) + 6*o(q). What is g(i)?
-7
Let u(o) = -o**3 + 9*o**2 - 5*o - 10. Suppose -14*i + 147 = 35. Calculate u(i).
14
Let i(f) = 4*f**2 - 8*f + 7. Let k(a) = a**2 + 6*a - 427. Let t be k(-24). Determine i(t).
67
Let l = 4240 + -4240. Let z(n) = -3*n**2 + 3*n - 14. Let t(m) = 4*m**2 - 4*m + 15. Let a(r) = -2*t(r) - 3*z(r). Determine a(l).
12
Suppose v + 0 = 6. Let w(l) = 8*l**2 + 7 - v*l - 5*l - l**3 + 0*l + 3*l. Let u be w(7). Let i(h) = h + 3. What is i(u)?
3
Let b be (-7 + 19)/(-6) + (-5)/(-1). Let w(p) = -p**2 - 18 + 14*p + 21 - 11 - b*p. What is w(10)?
2
Suppose c - 17 = -3*o, 10*c = 5*c - 4*o + 63. Suppose 0 = 15*j - c*j. Let b(f) = -2*f**3 + f**3 + 3*f**2 + 3*f + j*f + 4. Give b(4).
0
Let b(s) = -s**3 - 6*s**2 - 6*s - 5. Let u(o) = o**2 + 2*o + 3. Let w be u(-1). Suppose 1 = -2*i - j - 8, 5*i - w*j = -27. What is b(i)?
0
Let b be 13/26 + (-2)/4. Let k be 9 + 1 - b/(-2). Let w(o) = -2*o**2 + 8*o**2 + 8*o + 3*o - k*o. What is w(1)?
7
Let t(y) = -y**3 + 7*y**2 + 3*y + 6. Let k(w) = 8*w**3 - 2*w**2 - 9*w + 10. Let f be k(1). Give t(f).
27
Let g(i) be the third derivative of -i**4/24 + i**3 + 2*i**2 + 19. What is g(6)?
0
Let g(x) = 5 + 4 + 9 - 19 - 3*x. Let q be 8/36 - 48/(-27). Suppose 2*i + 2*y = 0, i + q = 5*i + 3*y. Determine g(i).
-7
Let f be (7/3)/(17/(-51)) + 4. Let y(r) = r**3 + r**2 - 4*r - 4. What is y(f)?
-10
Let u(g) = -g**3. Let z(l) = 11*l**3 + 2*l - 1. Let w(c) = -4*u(c) - z(c). Let h = -27 + 62. Let o = h - 34. Give w(o).
-8
Let f = -85 + 95. Let q be (-75)/f + 2 - 2/(-4). Let u(z) = 2*z + 4. Determine u(q).
-6
Let p(n) = n**3 - n**2 - 2*n - 1. Suppose h - 6 = -2. Let u = h - 1. Suppose u*r = -0*r + 6. Calculate p(r).
-1
Let f(l) be the second derivative of -4*l - 1/12*l**4 - 1/20*l**5 + 0*l**3 - 11/2*l**2 + 0. Give f